6
In base 15, what is -1843b - -b?
-18430
In base 15, what is -1c5dd3 - 5?
-1c5dd8
In base 12, what is 5 + a638?
a641
In base 11, what is 220 + 41?
261
In base 12, what is -3 + 49065?
49062
In base 13, what is -18 - 5591?
-55a9
In base 7, what is 4 - 203164?
-203160
In base 13, what is -2 + -5c34?
-5c36
In base 4, what is 11 + -201303010?
-201302333
In base 15, what is -2cbe2 + 13?
-2cbce
In base 4, what is -3010111 + 310?
-3003201
In base 10, what is -420 - -765?
345
In base 9, what is -21 - -283?
262
In base 8, what is 11060 + -40?
11020
In base 6, what is 43242122 - -2?
43242124
In base 8, what is 14 + 355513?
355527
In base 6, what is -442 - 2242?
-3124
In base 4, what is 3 + 32330112?
32330121
In base 14, what is 1d473 - -4?
1d477
In base 13, what is 0 + 43285?
43285
In base 13, what is -55621 - -3?
-5561b
In base 15, what is 5 + 21740?
21745
In base 10, what is 1181 + -10?
1171
In base 6, what is 1104035230 - 5?
1104035221
In base 15, what is -9 - -4a20?
4a16
In base 12, what is 6aa + 4?
6b2
In base 10, what is 172138 + -2?
172136
In base 11, what is 139 - 35?
104
In base 16, what is -1 - 12e476?
-12e477
In base 16, what is -5fde6 + 8?
-5fdde
In base 5, what is -10 + 142410021?
142410011
In base 13, what is 1 + 37a8?
37a9
In base 13, what is 3781 + -22?
375c
In base 6, what is -110 - -1222?
1112
In base 15, what is 116 + -35d?
-247
In base 7, what is 34 - 1626013?
-1625646
In base 12, what is 243146 + 1?
243147
In base 11, what is -30583 + 4?
-3057a
In base 4, what is 0 + -201132201?
-201132201
In base 15, what is -d + -a4c?
-a5a
In base 2, what is -101 - 10011000111001?
-10011000111110
In base 9, what is 0 + 52423?
52423
In base 5, what is 4 + 300413?
300422
In base 9, what is 10 + 10523?
10533
In base 16, what is -8de + 9e?
-840
In base 3, what is -200 - -220?
20
In base 15, what is -21e - 0?
-21e
In base 13, what is -c94 - -b6?
-bab
In base 2, what is 100100010000 - 10110000?
100001100000
In base 15, what is -9 + 30da9?
30da0
In base 2, what is -100 - -110011?
101111
In base 9, what is 2 - -555881?
555883
In base 9, what is -2403 - 24?
-2427
In base 5, what is 2041322 + 2?
2041324
In base 15, what is -3 - -170abe?
170abb
In base 3, what is 2021010 + 101?
2021111
In base 14, what is 864 - 29?
839
In base 14, what is 3705 - 2a?
36b9
In base 13, what is -9625 - -1c?
-9606
In base 13, what is 1 - 3a30?
-3a2c
In base 15, what is -70 - -12a?
aa
In base 16, what is -72 + 623?
5b1
In base 5, what is 32110 + 30?
32140
In base 13, what is 22327 + 1b?
22345
In base 3, what is 221020 - -21121?
1012211
In base 7, what is -204035 - 2?
-204040
In base 13, what is 2728b - 0?
2728b
In base 12, what is 5 - 114b4b?
-114b46
In base 10, what is -46493 + -8?
-46501
In base 11, what is 2 + 20307?
20309
In base 13, what is -2ba09 + 1?
-2ba08
In base 2, what is -10111011101110 - -110011?
-10111010111011
In base 8, what is 4 + 27140?
27144
In base 3, what is -221022 + -1101?
-222200
In base 6, what is -5 - 1234353?
-1234402
In base 14, what is 3 - -12db2?
12db5
In base 14, what is -8da5 + -8?
-8dad
In base 9, what is 2 - -5617?
5620
In base 3, what is 10120 + 12101?
22221
In base 12, what is 95 - -659?
732
In base 13, what is 142bc + -7?
142b5
In base 14, what is -1c04 - 1a2?
-1da6
In base 6, what is -1123 - -100231?
55104
In base 13, what is -289c5 + 9?
-289b9
In base 10, what is 2 + 8460?
8462
In base 4, what is 32223 + -22?
32201
In base 7, what is -10040 - -1625?
-5112
In base 10, what is 3 + -14672?
-14669
In base 10, what is -509 + -1307?
-1816
In base 9, what is 175412 - 11?
175401
In base 2, what is -1000100000 - -1111011001?
110111001
In base 16, what is -19c + -1a?
-1b6
In base 10, what is -1102 - 120?
-1222
In base 6, what is -133 - 14551?
-15124
In base 5, what is -10021021 - -3?
-10021013
In base 7, what is -3 + 422501?
422465
In base 16, what is 1 + 1bc63?
1bc64
In base 14, what is -126 + -1d7?
-31d
In base 16, what is 2 + -1bab0?
-1baae
In base 7, what is 521 + 432?
1253
In base 5, what is 14444 - 332?
14112
In base 10, what is -14091 - -29?
-14062
In base 16, what is 4 - 76f7?
-76f3
In base 15, what is 5 + 8a61?
8a66
In base 3, what is 210 + 2101112?
2102022
In base 13, what is -12602 + 1?
-12601
In base 3, what is -100200 + -20002?
-120202
In base 10, what is -1257 + -1183?
-2440
In base 12, what is -12713 - -12?
-12701
In base 3, what is -2 + -11222111210?
-11222111212
In base 2, what is 1101000000011110 - -1000?
1101000000100110
In base 6, what is 2 + 324255?
324301
In base 13, what is -5909 + 15?
-58c4
In base 4, what is -10 - -120033122?
120033112
In base 16, what is -2b7 + -13c?
-3f3
In base 13, what is 24c + -10cc?
-b80
In base 11, what is -1 + 496a?
4969
In base 16, what is -1aa3 - -1c?
-1a87
In base 13, what is 128ac + 1?
128b0
In base 2, what is -11011110 - 10000000000?
-10011011110
In base 10, what is -47 - -1438?
1391
In base 12, what is -5 - -40513?
4050a
In base 11, what is 294729 + 3?
294731
In base 5, what is -304442 + -1?
-304443
In base 11, what is -17 + 29140?
29124
In base 10, what is 14 - 5908?
-5894
In base 12, what is -7 + 494a6?
4949b
In base 7, what is 6644 + 36?
10013
In base 5, what is -3 + 1111240?
1111232
In base 15, what is -c086 + -4?
-c08a
In base 6, what is -1344015 + 143?
-1343432
In base 8, what is 2 + -1201243?
-1201241
In base 16, what is -29 + a2?
79
In base 6, what is 24501455 - 1?
24501454
In base 7, what is -16662 + 6?
-16653
In base 12, what is -1 + 3a7328?
3a7327
In base 9, what is -1076 - -24?
-1052
In base 10, what is 106010 - -11?
106021
In base 16, what is -bec + 34?
-bb8
In base 14, what is -61 + 7c?
1b
In base 5, what is 130314 + -10012?
120302
In base 2, what is 11 - 10100000110001011?
-10100000110001000
In base 2, what is 101 - 10100110010111?
-10100110010010
In base 5, what is 1210 + -1122040?
-1120330
In base 2, what is 10 - -101000000001011?
101000000001101
In base 2, what is 101111010100110 + -1?
101111010100101
In base 10, what is -5 + 96621?
96616
In base 5, what is 4 - -2312202?
2312211
In base 8, what is -23442 - -1?
-23441
In base 5, what is 3 + -242121002?
-242120444
In base 6, what is -32 - -243450?
243414
In base 2, what is -101001 + -110001000000111?
-110001000110000
In base 10, what is 6 - -135633?
135639
In base 7, what is -6 + 3323645?
3323636
In base 9, what is -155163 + 5?
-155157
In base 3, what is -12122 + 102020220?
102001021
In base 12, what is -45 + 5253?
520a
In base 7, what is -2 + -12431?
-12433
In base 10, what is 3 - -7644?
7647
In base 3, what is 110012111221 - -1?
110012111222
In base 9, what is -135 + 10833?
10687
In base 7, what is 602306 + 0?
602306
In base 10, what is -15077 - -5?
-15072
In base 3, what is 1100221201 - 10?
1100221121
In base 14, what is -9438 - -18?
-9420
In base 7, what is 2634 - 164?
2440
In base 12, what is -3 + -14ab90?
-14ab93
In base 6, what is 4 - -21503?
21511
In base 13, what is 1a9773 + 0?
1a9773
In base 5, what is 2 + -11003433?
-11003431
In base 3, what is -1112012000 - -2?
-1112011221
In base 13, what is -5 - -c6672?
c666a
In base 12, what is -2719 - -b?
-270a
In base 15, what is -56e70 - -2?
-56e6d
In base 2, what is -111001000011111 - -110?
-111001000011001
In base 10, what is 122867 - 2?
122865
In base 10, what is -34 + 149?
115
In base 2, what is 11000100110100 - -100?
11000100111000
In base 3, what is -11 - -220222?
220211
In base 9, what is 14 - -20121?
20135
In base 14, what is 37 + -d1?
-98
In base 12, what is 427 - 116?
311
In base 8, what is 24654 - 217?
24435
In base 13, what is -189 + -1c2?
-37b
In base 7, what is 155316 - -12?
155331
In base 6, what is -20 - 32204?
-32224
In base 10, what is 902 - -6?
908
In base 10, what is -534653 + 3?
-534650
In base 6, what is -3540022 + 1?
-3540021
In base 7, what is 252 + -2556?
-2304
In base 8, what is 1 - 14510?
-14507
In base 6, what is -21 - -3213215?
3213154
In base 10, what is -2963 + 17?
-2946
In base 4, what is 112 + 203200?
203312
In base 15, what is -3 + 2852c6?
2852c3
In base 12, what is 1229 - -148?
1375
In base 8, what is -11 - -364532?
364521
In base 12, what is 1b63 - 308?
1857
In base 11, what is 1536 + 1439?
2974
In base 13, what is 16 + 777?
790
In base 11, what is 2323aa + 11?
232410
In base 13, what is 42924 + 8?
4292c
In base 9, what is -3188 + -5?
-3204